se 3*m + 5*p - 27 = 2*m, 3*p = -5*m + w. What is the tens digit of m?
4
Suppose 0 = 3*c + 5*s - 1455, 2*c - 910 - 38 = 4*s. What is the hundreds digit of c?
4
Let p = 301 - -156. What is the units digit of p?
7
Let a = 1141 + -452. What is the tens digit of a?
8
Suppose -3*p - 71 = -5*y, 3*p - 7*p + 28 = y. Let c = y + -15. Suppose -d + c + 9 = 0. What is the units digit of d?
0
Let q(r) = -r**2 - 1. Let k(t) = -7*t**2 - 9*t - 9. Let x be (-44)/(-52) - 6/(-39). Let o(s) = x*k(s) - 6*q(s). What is the tens digit of o(-6)?
1
Let l be (-460)/(-15) - (-4)/(-6). Suppose -5 = -s + l. What is the units digit of s?
5
Let k(b) = 17*b**3 - 8*b**3 - 2*b + 12 - 11. What is the units digit of k(1)?
8
Let r = -454 + 3124. What is the tens digit of r?
7
Let l be 56 + (-12 - -8) + (-4)/(-2). Suppose -5*z = v + 3*v - 27, -v + 38 = -5*z. Let h = l - v. What is the units digit of h?
1
Suppose -k + 2*k = 6. Let s be k + (2 + -2 - 1). Suppose 3*v - s - 4 = 0. What is the units digit of v?
3
Let d = 1172 - -3419. What is the thousands digit of d?
4
Suppose -45*o + 21241 = -66689. What is the thousands digit of o?
1
Let n be 6 + -3*(3 + -2). Let z(m) = -3 + 1 + 6 - m - n. What is the units digit of z(-9)?
0
Let o = 56 - 23. Suppose -o*u = -35*u + 76. What is the tens digit of u?
3
Suppose -2 = -4*u - 14. Let i(b) = 2. Let s(d) = -9*d + 27. Let a(v) = -15*i(v) + s(v). What is the units digit of a(u)?
4
Let u(h) = 11*h**2 + 11*h. What is the hundreds digit of u(-8)?
6
Let z be 0/(-1 + (2 - 2)). Suppose 3*k + s - 11 = z, -3*k - 1 = 2*s - 17. Suppose 6 = 4*w - 2*o, -k*w - o + 3 = -6. What is the units digit of w?
3
Suppose h = 0, -5180 = -0*p - 5*p + 3*h. What is the hundreds digit of p?
0
Suppose -9*w + 5585 + 517 = 0. What is the tens digit of w?
7
Let h(f) = f**2 + 2*f + 7. Let i be h(12). Suppose -3*q = -4*c + i, 6*c + 2*q - 236 = c. What is the units digit of c?
6
Suppose -1 = -2*n + 15. Suppose 11*i - n*i = 48. What is the units digit of i?
6
Suppose 121 - 1496 = -5*s. What is the units digit of s?
5
Let r(n) = -526*n + 388. What is the thousands digit of r(-6)?
3
Suppose 3348 = 5*u + 1118. What is the tens digit of u?
4
Let f(k) = -12*k**2 - 14*k + 1 + 3*k**2 - 14 + 8*k**2. What is the tens digit of f(-8)?
3
Let g = 1761 - -616. What is the hundreds digit of g?
3
Let y(s) = 27*s + 1. Let l be 2/(-3)*(-9)/6. Let t be y(l). Suppose 2*z - 124 = -t. What is the units digit of z?
8
Let u(m) = -49*m**2 - m + 1. Let b be u(-2). Let t = -58 - b. What is the hundreds digit of t?
1
Let n be 33/4 + 2/(-8). Let g = n - 49. What is the tens digit of (-2)/(-4)*(-1 - g)?
2
Let h be 3 + -6*(-1)/2. Let j(a) = 0*a - h*a + 11 - a + 0*a**2 + a**2. What is the units digit of j(8)?
9
Suppose -5*c = -22 - 788. Let x = c + -83. What is the tens digit of x?
7
Let b(r) = 89 - 4*r**3 - 100 + 5*r**3 - r. Let v be b(0). Let s = v + 26. What is the tens digit of s?
1
Let q(x) = -x**2 - 6*x + 9. Let d be 2/((-3)/18*2). What is the units digit of q(d)?
9
Suppose 14*n - 8710 - 2000 = 0. What is the tens digit of n?
6
Let c(k) be the third derivative of k**5/6 + k**4/4 + 5*k**3/3 - 21*k**2. What is the hundreds digit of c(4)?
1
Let n(q) = -q**3 + 10*q**2 + q - 8. Let w be n(10). Suppose 1 - 3 = w*r. What is the units digit of r*5*(-36)/10?
8
Let i(v) = -v**2 - 12*v + 37. Let l be i(-15). Let b(u) = -u**3 - 5*u**2 + 12*u + 1. What is the units digit of b(l)?
7
Let l(w) = 27*w - 2. Let h be l(5). Suppose -5*i + h = -687. Suppose 206 = 5*f + k, -2*f + 6*f + k - i = 0. What is the units digit of f?
2
Suppose -2*l - 4*t + t + 21 = 0, -l - 3*t + 6 = 0. Let c be (24/(-10))/((-6)/l). What is the tens digit of 88/c + 2/6?
1
Let y(l) = l + 9. Let m be y(4). Let c = m + -2. Let d = 7 + c. What is the tens digit of d?
1
What is the tens digit of ((-3962)/12)/(-7) + (-1)/6?
4
Suppose 3238 = 4*k + 2*o, 0 = -2*k - 5*o + 2060 - 437. What is the tens digit of k?
0
Let g(d) = 8*d**2 - 14*d - 58. What is the units digit of g(22)?
6
Suppose 2*f + 15979 - 423 = 3*g, 5*g - 25960 = -5*f. What is the hundreds digit of g?
1
What is the hundreds digit of 10755/(-30)*28/(-6) - -7?
6
Let c be 1667 + 3/((-9)/6). Suppose -4*f - 5*f + c = 0. What is the hundreds digit of f?
1
Let u be (-1 - -5) + 16 + -4. Suppose -d + o + 37 = 0, -4*d - 3*o + 153 + u = 0. Let i = d + -20. What is the tens digit of i?
2
Suppose x - 3860 = -19*x. What is the hundreds digit of x?
1
Let b = 64 + -64. Suppose b = 2*a - 8, 0*i + 142 = i - a. What is the hundreds digit of i?
1
Let j(l) = -22*l - 64. Let q be j(-3). Let a be 4/(-3)*(3 - 0). What is the tens digit of 16 - q*(a - -2)?
2
Suppose -2*q = 0, -3*d + 3*q - 6 = -6*d. Suppose 7*u - 2*u = 4*i - d, -5*u = -5*i. What is the tens digit of 3/((-3)/u) + 13?
1
Let z = -42 + 39. What is the tens digit of (-75)/(-20)*(-16)/z?
2
Let x(k) = -k - 4. Suppose 0 = 4*i + 11 + 21. Let a be x(i). Suppose 0 = a*p - 3*p - 20. What is the tens digit of p?
2
Suppose 4*d - 5*q - 13015 = 0, 2*d + 4*q - 6525 = 3*q. What is the units digit of d?
0
Suppose -5*q = -q - 176. Suppose -7*f + q = -5*f. What is the units digit of f?
2
Suppose -4*j - 45 = -7*j. Let o = j - -33. What is the units digit of o?
8
Suppose 3*v + 18*k - 1600 = 22*k, -2*k - 1064 = -2*v. What is the tens digit of v?
2
Suppose -9*o = -126 - 72. What is the tens digit of o?
2
Let o = 2 - 0. Suppose -g - 239 - 68 = 2*j, -3*j - o*g = 458. What is the units digit of (j/(-48))/((-2)/(-16))?
6
Let o(f) = f**2 + 13*f - 36. What is the tens digit of o(-27)?
4
Suppose -o + 3*z = -5*o - 614, 4*z = 2*o + 318. Let s = -90 - o. What is the tens digit of s?
6
Suppose -23 - 16 = -13*l. Let r be ((-6)/4)/(3/(-80)). What is the tens digit of r/l*(-12)/(-5)?
3
Suppose -5*d - 25 = 0, v + 0*d - 270 = d. Suppose 2*s - v = -17. Suppose -16*z = -12*z - s. What is the tens digit of z?
3
Suppose 6*g + 2 = 5*g. Let w be g/11 + 4310/110. Suppose 0 = -5*d + w - 14. What is the units digit of d?
5
Suppose -4*t - 6*p = -p + 541, -5*t - 2*p = 672. Let v = -47 - t. What is the units digit of v/4 + 2/8?
2
Let u(s) = s**3 + 5*s**2 + 2*s. Let a be -1 - (3/1 + -2). Let l be u(a). Let q(d) = d**2 - 7*d - 7. What is the units digit of q(l)?
1
Suppose -2*d - f + 2 + 3 = 0, d = -2*f - 2. Suppose -5*o = 3*s + 256 - 679, -5*s = -d*o + 368. What is the tens digit of o?
8
What is the hundreds digit of -8*70/(-160)*354?
2
Let a be 12/7*(-588)/(-8). Let c = 47 + a. What is the units digit of c?
3
Let q(d) = d**3 + 4*d**2 - 13*d - 7. Let f be q(-6). What is the tens digit of (188/(-4))/(f/2)?
9
Let b = -159 + 811. What is the tens digit of b?
5
Suppose -1176 = -5*r + 409. What is the hundreds digit of r?
3
What is the units digit of 0 + 1 + 2002/7?
7
Let b(f) = 8*f + 4. Let u be (2/3)/(14/168). What is the units digit of b(u)?
8
Suppose -27 = -3*w - 0*w - 4*q, 0 = -4*w + 5*q + 36. Suppose w*z - 11 = 8*z. What is the tens digit of z?
1
Let g(b) = -b**3 + b**2 + b + 3. Let r = 25 - 25. Let c be g(r). Let i(z) = z**3 - 4*z**2 + 5*z - 4. What is the units digit of i(c)?
2
Let k(d) = -d**2 - 4*d + 3. Let l be k(-3). Suppose -l = -0*s - 3*s. Let b(t) = 2*t**3 - t**2 - 2*t + 2. What is the tens digit of b(s)?
1
What is the units digit of ((-15)/(-2))/((-15)/(-24))?
2
Let n = 5639 + -3478. What is the hundreds digit of n?
1
Suppose -h + 56 = 2*b - 162, 4*b = 3*h + 436. What is the hundreds digit of b?
1
Suppose 41*h = 40*h. Suppose h = -6*s + 109 + 353. What is the units digit of s?
7
Let v(h) = 54*h**2 + 20*h + 35. What is the hundreds digit of v(7)?
8
Let x = -379 - -871. Suppose 0 = 4*k - 0*k - x. What is the hundreds digit of k?
1
Let u = -18 - -18. Suppose 3*l + 44 - 134 = u. What is the units digit of l?
0
Suppose 3*x + 1960 = 11*x. What is the units digit of x?
5
Let k(d) = 41*d - 2. Let a be k(1). Let x be (-1)/3 - 1274/a. Let g = x + 63. What is the units digit of g?
0
Suppose -10 = -4*y + 6. Suppose -2*m - 2*h + h = -19, -3*m + y*h + 45 = 0. What is the tens digit of m?
1
Let r(z) = z**2 + 19*z - 92. What is the units digit of r(10)?
8
Let o be (286/8 + -3)/(1/4). Let a = 215 - o. What is the tens digit of a?
8
Suppose -3*z = 5*z - 4576. What is the units digit of z?
2
Let b(x) = x**2 - 20*x + 43. Let h be b(18). Suppose 0 = 3*d - 2*z - 370, -2*d + z + 164 + 83 = 0. Suppose 0 = -9*o + h*o + d.